{"id":95,"date":"2013-06-11T18:26:47","date_gmt":"2013-06-11T16:26:47","guid":{"rendered":"http:\/\/www.new.kosakowo.net\/?page_id=95"},"modified":"2021-05-19T21:58:51","modified_gmt":"2021-05-19T19:58:51","slug":"voice-2-email","status":"publish","type":"page","link":"https:\/\/www.kosakowo.net\/?page_id=95","title":{"rendered":"voice-2-email"},"content":{"rendered":"<p style=\"text-align: justify;\">Us\u0142uga pozwala na odbieranie wiadomo\u015bci g\u0142osowych i przekazywanie ich na <strong>konto pocztowe e-mail<\/strong> wskazane przez Abonenta w Panelu Administracyjnym. Wiadomo\u015b\u0107 g\u0142osowa przychodzi na takie konto w wersji elektronicznej, w postaci pliku d\u017awi\u0119kowego.<\/p>\n<p style=\"text-align: justify;\">Posiadaj\u0105c dost\u0119p do Internetu, mo\u017cna ods\u0142uchiwa\u0107 swoje wiadomo\u015bci g\u0142osowe z dowolnego miejsca na \u015bwiecie, korzystaj\u0105c z poczty elektronicznej lub przegl\u0105darki WWW.<\/p>\n<p style=\"text-align: justify;\"><img loading=\"lazy\" class=\"alignnone size-full wp-image-533\" alt=\"kosa12\" src=\"\/wp-content\/uploads\/kosa12.jpg\" width=\"615\" height=\"215\"><\/p>\n","protected":false},"excerpt":{"rendered":"<p>Us\u0142uga pozwala na odbieranie wiadomo\u015bci g\u0142osowych i przekazywanie ich na konto pocztowe e-mail wskazane przez Abonenta w Panelu Administracyjnym. Wiadomo\u015b\u0107 g\u0142osowa przychodzi na takie konto w wersji elektronicznej, w postaci pliku d\u017awi\u0119kowego. Posiadaj\u0105c dost\u0119p do Internetu, mo\u017cna ods\u0142uchiwa\u0107 swoje wiadomo\u015bci g\u0142osowe z dowolnego miejsca na \u015bwiecie, korzystaj\u0105c z poczty elektronicznej lub przegl\u0105darki WWW.<\/p>\n","protected":false},"author":1,"featured_media":0,"parent":0,"menu_order":0,"comment_status":"open","ping_status":"open","template":"","meta":[],"_links":{"self":[{"href":"https:\/\/www.kosakowo.net\/index.php?rest_route=\/wp\/v2\/pages\/95"}],"collection":[{"href":"https:\/\/www.kosakowo.net\/index.php?rest_route=\/wp\/v2\/pages"}],"about":[{"href":"https:\/\/www.kosakowo.net\/index.php?rest_route=\/wp\/v2\/types\/page"}],"author":[{"embeddable":true,"href":"https:\/\/www.kosakowo.net\/index.php?rest_route=\/wp\/v2\/users\/1"}],"replies":[{"embeddable":true,"href":"https:\/\/www.kosakowo.net\/index.php?rest_route=%2Fwp%2Fv2%2Fcomments&post=95"}],"version-history":[{"count":5,"href":"https:\/\/www.kosakowo.net\/index.php?rest_route=\/wp\/v2\/pages\/95\/revisions"}],"predecessor-version":[{"id":1817,"href":"https:\/\/www.kosakowo.net\/index.php?rest_route=\/wp\/v2\/pages\/95\/revisions\/1817"}],"wp:attachment":[{"href":"https:\/\/www.kosakowo.net\/index.php?rest_route=%2Fwp%2Fv2%2Fmedia&parent=95"}],"curies":[{"name":"wp","href":"https:\/\/api.w.org\/{rel}","templated":true}]}}