{"id":84,"date":"2013-06-11T18:23:16","date_gmt":"2013-06-11T16:23:16","guid":{"rendered":"http:\/\/www.new.kosakowo.net\/?page_id=84"},"modified":"2023-09-11T21:29:28","modified_gmt":"2023-09-11T19:29:28","slug":"cennik","status":"publish","type":"page","link":"https:\/\/www.kosakowo.net\/?page_id=84","title":{"rendered":"korzy\u015bci dla klienta"},"content":{"rendered":"<p style=\"text-align: justify;\">Dzi\u0119ki przyj\u0119tym rozwi\u0105zaniom technicznym, us\u0142ug\u0119 <strong>Telewizji Kablowej Pro internet<\/strong> cechuje szereg atrakcyjnych walor\u00f3w:<\/p>\n<p style=\"text-align: justify;\"><strong>Atrakcyjna oferta programowa<br \/>\n<\/strong>Telewizja Kablowa Pro internet to blisko 150 wysokiej jako\u015bci cyfrowych program\u00f3w telewizyjnych. W naszej ofercie ka\u017cdy znajdzie dla siebie co\u015b interesuj\u0105cego. Du\u017cy wyb\u00f3r kana\u0142\u00f3w sportowych, programy z grupy TVN, programy tematyczne z grupy Discovery oraz liczne programy obcoj\u0119zyczne.<\/p>\n<p style=\"text-align: justify;\"><img loading=\"lazy\" class=\"alignnone size-full wp-image-550\" src=\"\/wp-content\/uploads\/kosa29.jpg\" alt=\"kosa29\" width=\"615\" height=\"221\" \/><\/p>\n<p style=\"text-align: justify;\"><strong>Wysoka jako\u015b\u0107<\/strong><br \/>\nDzi\u0119ki zastosowanej technologii \u015bwiat\u0142owodowej, gwarantujemy naszym Abonentom najwy\u017csz\u0105 jako\u015b\u0107 odbioru oraz odporno\u015b\u0107 sieci na wp\u0142yw warunk\u00f3w atmosferycznych i fizycznych (np. burze, fizyczne starzenie si\u0119 kabli miedzianych).<\/p>\n<p style=\"text-align: justify;\"><img loading=\"lazy\" src=\"\/wp-content\/uploads\/kosa27.jpg\" alt=\"kosa27\" width=\"615\" height=\"249\" \/><\/p>\n<p style=\"text-align: justify;\"><strong>Konkurencyjny abonament<\/strong><br \/>\nAbonament za us\u0142ug\u0119 Telewizji Kablowej Pro internet wynosi jedynie 69,00 z\u0142 miesi\u0119cznie\u00a0(pakiet MEDIUM).<\/p>\n<p style=\"text-align: justify;\"><img loading=\"lazy\" class=\"alignnone size-full wp-image-1024\" src=\"http:\/\/www.kosakowo.net\/wp-content\/uploads\/tv6.jpg\" alt=\"tv6\" width=\"615\" height=\"218\" \/><\/p>\n<p style=\"text-align: justify;\"><img loading=\"lazy\" class=\"alignnone size-full wp-image-1025\" src=\"http:\/\/www.kosakowo.net\/wp-content\/uploads\/tv5.jpg\" alt=\"tv5\" width=\"615\" height=\"218\" \/><\/p>\n<p style=\"text-align: justify;\"><img loading=\"lazy\" class=\"alignnone size-full wp-image-541\" src=\"\/wp-content\/uploads\/kosa20.jpg\" alt=\"kosa20\" width=\"615\" height=\"197\" \/><\/p>\n","protected":false},"excerpt":{"rendered":"<p>Dzi\u0119ki przyj\u0119tym rozwi\u0105zaniom technicznym, us\u0142ug\u0119 Telewizji Kablowej Pro internet cechuje szereg atrakcyjnych walor\u00f3w: Atrakcyjna oferta programowa Telewizja Kablowa Pro internet to blisko 150 wysokiej jako\u015bci cyfrowych program\u00f3w telewizyjnych. W naszej ofercie ka\u017cdy znajdzie dla siebie co\u015b interesuj\u0105cego. Du\u017cy wyb\u00f3r kana\u0142\u00f3w sportowych, programy z grupy TVN, programy tematyczne z grupy Discovery oraz liczne programy obcoj\u0119zyczne. Wysoka [&hellip;]<\/p>\n","protected":false},"author":3,"featured_media":0,"parent":0,"menu_order":0,"comment_status":"closed","ping_status":"closed","template":"","meta":[],"_links":{"self":[{"href":"https:\/\/www.kosakowo.net\/index.php?rest_route=\/wp\/v2\/pages\/84"}],"collection":[{"href":"https:\/\/www.kosakowo.net\/index.php?rest_route=\/wp\/v2\/pages"}],"about":[{"href":"https:\/\/www.kosakowo.net\/index.php?rest_route=\/wp\/v2\/types\/page"}],"author":[{"embeddable":true,"href":"https:\/\/www.kosakowo.net\/index.php?rest_route=\/wp\/v2\/users\/3"}],"replies":[{"embeddable":true,"href":"https:\/\/www.kosakowo.net\/index.php?rest_route=%2Fwp%2Fv2%2Fcomments&post=84"}],"version-history":[{"count":25,"href":"https:\/\/www.kosakowo.net\/index.php?rest_route=\/wp\/v2\/pages\/84\/revisions"}],"predecessor-version":[{"id":1952,"href":"https:\/\/www.kosakowo.net\/index.php?rest_route=\/wp\/v2\/pages\/84\/revisions\/1952"}],"wp:attachment":[{"href":"https:\/\/www.kosakowo.net\/index.php?rest_route=%2Fwp%2Fv2%2Fmedia&parent=84"}],"curies":[{"name":"wp","href":"https:\/\/api.w.org\/{rel}","templated":true}]}}