{"id":78,"date":"2013-06-11T18:22:01","date_gmt":"2013-06-11T16:22:01","guid":{"rendered":"http:\/\/www.new.kosakowo.net\/?page_id=78"},"modified":"2025-04-01T13:21:02","modified_gmt":"2025-04-01T11:21:02","slug":"technologia","status":"publish","type":"page","link":"https:\/\/www.kosakowo.net\/?page_id=78","title":{"rendered":"telewizja kablowa"},"content":{"rendered":"<p style=\"text-align: center;\"><img loading=\"lazy\" class=\"aligncenter size-full wp-image-1963\" src=\"http:\/\/www.kosakowo.net\/wp-content\/uploads\/elem2024-3.gif\" alt=\"\" width=\"615\" height=\"324\" \/><\/p>\n<p style=\"text-align: center;\">Oferta Pakiet Canal+ Select i Pakiet Canal+ Prestige<br \/>\ndost\u0119pne tylko dla abonent\u00f3w TV Kablowej Medium lub Optimum.<\/p>\n<p style=\"text-align: center;\">Podane ceny s\u0105 cenami brutto (zawieraj\u0105 podatek VAT).<br \/>\nCennik obowi\u0105zuje od dnia 1 kwietnia 2025 roku.<\/p>\n<p style=\"text-align: center;\"><img loading=\"lazy\" class=\"alignnone size-full wp-image-1028\" src=\"http:\/\/www.kosakowo.net\/wp-content\/uploads\/tv2.jpg\" alt=\"tv2\" width=\"615\" height=\"218\" \/><\/p>\n<p style=\"text-align: center;\"><img loading=\"lazy\" class=\"alignnone size-full wp-image-1027\" src=\"http:\/\/www.kosakowo.net\/wp-content\/uploads\/tv3.jpg\" alt=\"tv3\" width=\"615\" height=\"218\" \/><\/p>\n<p style=\"text-align: center;\"><img loading=\"lazy\" class=\"alignnone size-full wp-image-1022\" src=\"http:\/\/www.kosakowo.net\/wp-content\/uploads\/tv8.jpg\" alt=\"tv8\" width=\"615\" height=\"218\" \/><\/p>\n<p style=\"text-align: center;\"><img loading=\"lazy\" class=\"alignnone size-full wp-image-1026\" src=\"http:\/\/www.kosakowo.net\/wp-content\/uploads\/tv4.jpg\" alt=\"tv4\" width=\"615\" height=\"218\" \/><\/p>\n<p style=\"text-align: center;\"><img loading=\"lazy\" class=\"size-full wp-image-549 aligncenter\" src=\"\/wp-content\/uploads\/kosa28.jpg\" alt=\"kosa28\" width=\"615\" height=\"218\" \/><\/p>\n<p style=\"text-align: center;\">Podane ceny s\u0105 cenami brutto (zawieraj\u0105 podatek VAT).<\/p>\n","protected":false},"excerpt":{"rendered":"<p>Oferta Pakiet Canal+ Select i Pakiet Canal+ Prestige dost\u0119pne tylko dla abonent\u00f3w TV Kablowej Medium lub Optimum. Podane ceny s\u0105 cenami brutto (zawieraj\u0105 podatek VAT). Cennik obowi\u0105zuje od dnia 1 kwietnia 2025 roku. Podane ceny s\u0105 cenami brutto (zawieraj\u0105 podatek VAT).<\/p>\n","protected":false},"author":3,"featured_media":0,"parent":0,"menu_order":0,"comment_status":"open","ping_status":"open","template":"","meta":[],"_links":{"self":[{"href":"https:\/\/www.kosakowo.net\/index.php?rest_route=\/wp\/v2\/pages\/78"}],"collection":[{"href":"https:\/\/www.kosakowo.net\/index.php?rest_route=\/wp\/v2\/pages"}],"about":[{"href":"https:\/\/www.kosakowo.net\/index.php?rest_route=\/wp\/v2\/types\/page"}],"author":[{"embeddable":true,"href":"https:\/\/www.kosakowo.net\/index.php?rest_route=\/wp\/v2\/users\/3"}],"replies":[{"embeddable":true,"href":"https:\/\/www.kosakowo.net\/index.php?rest_route=%2Fwp%2Fv2%2Fcomments&post=78"}],"version-history":[{"count":40,"href":"https:\/\/www.kosakowo.net\/index.php?rest_route=\/wp\/v2\/pages\/78\/revisions"}],"predecessor-version":[{"id":2159,"href":"https:\/\/www.kosakowo.net\/index.php?rest_route=\/wp\/v2\/pages\/78\/revisions\/2159"}],"wp:attachment":[{"href":"https:\/\/www.kosakowo.net\/index.php?rest_route=%2Fwp%2Fv2%2Fmedia&parent=78"}],"curies":[{"name":"wp","href":"https:\/\/api.w.org\/{rel}","templated":true}]}}