{"id":494,"date":"2013-08-05T12:27:20","date_gmt":"2013-08-05T10:27:20","guid":{"rendered":"http:\/\/www.new.kosakowo.net\/?page_id=494"},"modified":"2021-05-19T22:02:19","modified_gmt":"2021-05-19T20:02:19","slug":"o-projekcie","status":"publish","type":"page","link":"https:\/\/www.kosakowo.net\/?page_id=494","title":{"rendered":"o projekcie"},"content":{"rendered":"<p style=\"text-align: justify;\">Pocz\u0105tki koncepcji budowy sieci \u015bwiat\u0142owodowej na terenie Gminy Kosakowo si\u0119gaj\u0105 marca 2010r., kiedy to firma Pro-internet zosta\u0142a zaproszona na \u201eGminn\u0105 Konferencj\u0119 dotycz\u0105c\u0105 rozwoju sieci internetowej oraz sieci telewizji kablowej\u201d, kt\u00f3ra odby\u0142a si\u0119 w dniu 4 marca 2010r. w Gminnym Domu Kultury w Pierwoszynie. Spo\u015br\u00f3d wielu zaproszonych firm,<br \/>\nPro-internet Sp. z o.o. jako jedyna zaprezentowa\u0142a koncepcj\u0119 wybudowania na terenie gminy nowoczesnej sieci \u015bwiat\u0142owodowej i \u015bwiadczenia za jej pomoc\u0105 us\u0142ug szerokopasmowego dost\u0119pu do Internetu oraz innych us\u0142ug telekomunikacyjnych.<\/p>\n<p><img loading=\"lazy\" class=\"alignnone size-full wp-image-524\" alt=\"kosa3\" src=\"\/wp-content\/uploads\/kosa3.jpg\" width=\"615\" height=\"296\"><\/p>\n<p>Z uwagi na zakwalifikowanie przez Urz\u0105d Komunikacji Elektronicznej Gminy Kosakowo do tzw. \u201ebia\u0142ych plam\u201d, mo\u017cliwe by\u0142o ubieganie si\u0119 o dofinansowanie projektu ze \u015brodk\u00f3w unijnych w ramach dzia\u0142ania 8.4. <strong>\u201eZapewnienie dost\u0119pu do Internetu na etapie ostatniej mili\u201d<\/strong> Programu Operacyjnego Innowacyjna Gospodarka.<\/p>\n<p><img loading=\"lazy\" class=\"alignnone size-full wp-image-534\" alt=\"kosa13\" src=\"\/wp-content\/uploads\/kosa13.jpg\" width=\"615\" height=\"268\"><\/p>\n<p style=\"text-align: justify;\">Zach\u0119cony ciep\u0142ym przyj\u0119ciem przez mieszka\u0144c\u00f3w uczestnicz\u0105cych w konferencji, Zarz\u0105d Sp\u00f3\u0142ki podj\u0105\u0142 decyzj\u0119 o rozpocz\u0119ciu prac projektowych, celem ubiegania si\u0119 o dofinansowanie inwestycji ze \u015brodk\u00f3w unijnych. W maju 2010r. do W\u0142adzy Wdra\u017caj\u0105cej Programy Europejskie zosta\u0142 z\u0142o\u017cony wniosek, kt\u00f3ry finalnie zosta\u0142 zakwalifikowany do realizacji pod numerem POIG\/8.4\/2010\/POM\/29.<\/p>\n","protected":false},"excerpt":{"rendered":"<p>Pocz\u0105tki koncepcji budowy sieci \u015bwiat\u0142owodowej na terenie Gminy Kosakowo si\u0119gaj\u0105 marca 2010r., kiedy to firma Pro-internet zosta\u0142a zaproszona na \u201eGminn\u0105 Konferencj\u0119 dotycz\u0105c\u0105 rozwoju sieci internetowej oraz sieci telewizji kablowej\u201d, kt\u00f3ra odby\u0142a si\u0119 w dniu 4 marca 2010r. w Gminnym Domu Kultury w Pierwoszynie. Spo\u015br\u00f3d wielu zaproszonych firm, Pro-internet Sp. z o.o. jako jedyna zaprezentowa\u0142a koncepcj\u0119 [&hellip;]<\/p>\n","protected":false},"author":1,"featured_media":0,"parent":0,"menu_order":0,"comment_status":"open","ping_status":"open","template":"","meta":[],"_links":{"self":[{"href":"https:\/\/www.kosakowo.net\/index.php?rest_route=\/wp\/v2\/pages\/494"}],"collection":[{"href":"https:\/\/www.kosakowo.net\/index.php?rest_route=\/wp\/v2\/pages"}],"about":[{"href":"https:\/\/www.kosakowo.net\/index.php?rest_route=\/wp\/v2\/types\/page"}],"author":[{"embeddable":true,"href":"https:\/\/www.kosakowo.net\/index.php?rest_route=\/wp\/v2\/users\/1"}],"replies":[{"embeddable":true,"href":"https:\/\/www.kosakowo.net\/index.php?rest_route=%2Fwp%2Fv2%2Fcomments&post=494"}],"version-history":[{"count":4,"href":"https:\/\/www.kosakowo.net\/index.php?rest_route=\/wp\/v2\/pages\/494\/revisions"}],"predecessor-version":[{"id":1833,"href":"https:\/\/www.kosakowo.net\/index.php?rest_route=\/wp\/v2\/pages\/494\/revisions\/1833"}],"wp:attachment":[{"href":"https:\/\/www.kosakowo.net\/index.php?rest_route=%2Fwp%2Fv2%2Fmedia&parent=494"}],"curies":[{"name":"wp","href":"https:\/\/api.w.org\/{rel}","templated":true}]}}