{"id":122,"date":"2013-06-12T13:27:12","date_gmt":"2013-06-12T11:27:12","guid":{"rendered":"http:\/\/www.new.kosakowo.net\/?page_id=122"},"modified":"2021-05-19T21:50:24","modified_gmt":"2021-05-19T19:50:24","slug":"co-zrobic-gdy-internet-nie-dziala","status":"publish","type":"page","link":"https:\/\/www.kosakowo.net\/?page_id=122","title":{"rendered":"zamawianie us\u0142ug"},"content":{"rendered":"<p style=\"text-align: justify;\">Zam\u00f3wienia us\u0142ug telekomunikacyjnych Pro internet b\u0119dzie mo\u017cna dokona\u0107 u Przedstawiciela Handlowego, kt\u00f3ry na etapie realizacji projektu budowlanego odwiedza\u0142 b\u0119dzie wszystkie gospodarstwa domowe, celem zaprezentowania szczeg\u00f3\u0142\u00f3w oferty i uzgodnienia przy\u0142\u0105cza kabla \u015bwiat\u0142owodowego do budynku.<\/p>\n<p><img loading=\"lazy\" class=\"alignnone size-full wp-image-545\" src=\"http:\/\/www.kosakowo.net\/wp-content\/uploads\/kosa24.jpg\" alt=\"kosa24\" width=\"615\" height=\"281\"><\/p>\n","protected":false},"excerpt":{"rendered":"<p>Zam\u00f3wienia us\u0142ug telekomunikacyjnych Pro internet b\u0119dzie mo\u017cna dokona\u0107 u Przedstawiciela Handlowego, kt\u00f3ry na etapie realizacji projektu budowlanego odwiedza\u0142 b\u0119dzie wszystkie gospodarstwa domowe, celem zaprezentowania szczeg\u00f3\u0142\u00f3w oferty i uzgodnienia przy\u0142\u0105cza kabla \u015bwiat\u0142owodowego do budynku.<\/p>\n","protected":false},"author":3,"featured_media":0,"parent":0,"menu_order":0,"comment_status":"open","ping_status":"open","template":"","meta":[],"_links":{"self":[{"href":"https:\/\/www.kosakowo.net\/index.php?rest_route=\/wp\/v2\/pages\/122"}],"collection":[{"href":"https:\/\/www.kosakowo.net\/index.php?rest_route=\/wp\/v2\/pages"}],"about":[{"href":"https:\/\/www.kosakowo.net\/index.php?rest_route=\/wp\/v2\/types\/page"}],"author":[{"embeddable":true,"href":"https:\/\/www.kosakowo.net\/index.php?rest_route=\/wp\/v2\/users\/3"}],"replies":[{"embeddable":true,"href":"https:\/\/www.kosakowo.net\/index.php?rest_route=%2Fwp%2Fv2%2Fcomments&post=122"}],"version-history":[{"count":9,"href":"https:\/\/www.kosakowo.net\/index.php?rest_route=\/wp\/v2\/pages\/122\/revisions"}],"predecessor-version":[{"id":1790,"href":"https:\/\/www.kosakowo.net\/index.php?rest_route=\/wp\/v2\/pages\/122\/revisions\/1790"}],"wp:attachment":[{"href":"https:\/\/www.kosakowo.net\/index.php?rest_route=%2Fwp%2Fv2%2Fmedia&parent=122"}],"curies":[{"name":"wp","href":"https:\/\/api.w.org\/{rel}","templated":true}]}}